{"id":81,"date":"2022-05-18T16:58:57","date_gmt":"2022-05-18T16:58:57","guid":{"rendered":"https:\/\/ebniweb.ch\/?page_id=81"},"modified":"2022-05-18T20:12:23","modified_gmt":"2022-05-18T20:12:23","slug":"100-jahre-calfeisental-strassenunternehmen-3","status":"publish","type":"page","link":"https:\/\/ebniweb.ch\/?page_id=81","title":{"rendered":"100 Jahre Calfeisental-Strassenunternehmen"},"content":{"rendered":"<p><a href=\"https:\/\/ebniweb.ch\/\">zur\u00fcck<\/a><\/p>\n<p>Brosch\u00fcre zum Bl\u00e4ttern:<\/p>\n<p><a href=\"https:\/\/ebniweb.ch\/wp-content\/uploads\/2022\/05\/100-Jahre-Calfeisental-Strassenunternehmen.htm\" target=\"_blank\" rel=\"noopener\"><img loading=\"lazy\" decoding=\"async\" class=\"alignnone size-large wp-image-80\" src=\"https:\/\/ebniweb.ch\/wp-content\/uploads\/2022\/05\/Bild_001-999x1024.jpg\" alt=\"\" width=\"525\" height=\"538\" srcset=\"https:\/\/ebniweb.ch\/wp-content\/uploads\/2022\/05\/Bild_001-999x1024.jpg 999w, https:\/\/ebniweb.ch\/wp-content\/uploads\/2022\/05\/Bild_001-293x300.jpg 293w, https:\/\/ebniweb.ch\/wp-content\/uploads\/2022\/05\/Bild_001-768x787.jpg 768w, https:\/\/ebniweb.ch\/wp-content\/uploads\/2022\/05\/Bild_001-1499x1536.jpg 1499w, https:\/\/ebniweb.ch\/wp-content\/uploads\/2022\/05\/Bild_001-1999x2048.jpg 1999w\" sizes=\"auto, (max-width: 525px) 100vw, 525px\" \/><\/a><\/p>\n<p>Brosch\u00fcre zum Herunterladen (Pdf):<\/p>\n<p><a href=\"https:\/\/ebniweb.ch\/wp-content\/uploads\/2022\/05\/100-Jahre-Calfeisental-Strassenunternehmen.pdf\"><img loading=\"lazy\" decoding=\"async\" class=\"alignnone size-thumbnail wp-image-80\" src=\"https:\/\/ebniweb.ch\/wp-content\/uploads\/2022\/05\/Bild_001-150x150.jpg\" alt=\"\" width=\"150\" height=\"150\" srcset=\"https:\/\/ebniweb.ch\/wp-content\/uploads\/2022\/05\/Bild_001-150x150.jpg 150w, https:\/\/ebniweb.ch\/wp-content\/uploads\/2022\/05\/Bild_001-100x100.jpg 100w\" sizes=\"auto, (max-width: 150px) 100vw, 150px\" \/><\/a><\/p>\n<p>Brosch\u00fcre zum Herunterladen (Pdf) in h\u00f6chster Aufl\u00f6sung (200 MB):<\/p>\n<p><a href=\"https:\/\/ebniweb.ch\/wp-content\/uploads\/2022\/05\/100-Jahre-Calfeisental-Strassenunternehmen_gross.pdf\"><img loading=\"lazy\" decoding=\"async\" class=\"alignnone size-thumbnail wp-image-80\" src=\"https:\/\/ebniweb.ch\/wp-content\/uploads\/2022\/05\/Bild_001-150x150.jpg\" alt=\"\" width=\"150\" height=\"150\" srcset=\"https:\/\/ebniweb.ch\/wp-content\/uploads\/2022\/05\/Bild_001-150x150.jpg 150w, https:\/\/ebniweb.ch\/wp-content\/uploads\/2022\/05\/Bild_001-100x100.jpg 100w\" sizes=\"auto, (max-width: 150px) 100vw, 150px\" \/><\/a><\/p>\n","protected":false},"excerpt":{"rendered":"<p>zur\u00fcck Brosch\u00fcre zum Bl\u00e4ttern: Brosch\u00fcre zum Herunterladen (Pdf): Brosch\u00fcre zum Herunterladen (Pdf) in h\u00f6chster Aufl\u00f6sung (200 MB):<\/p>\n","protected":false},"author":1,"featured_media":0,"parent":0,"menu_order":0,"comment_status":"closed","ping_status":"closed","template":"","meta":{"footnotes":""},"class_list":["post-81","page","type-page","status-publish","hentry"],"_links":{"self":[{"href":"https:\/\/ebniweb.ch\/index.php?rest_route=\/wp\/v2\/pages\/81","targetHints":{"allow":["GET"]}}],"collection":[{"href":"https:\/\/ebniweb.ch\/index.php?rest_route=\/wp\/v2\/pages"}],"about":[{"href":"https:\/\/ebniweb.ch\/index.php?rest_route=\/wp\/v2\/types\/page"}],"author":[{"embeddable":true,"href":"https:\/\/ebniweb.ch\/index.php?rest_route=\/wp\/v2\/users\/1"}],"replies":[{"embeddable":true,"href":"https:\/\/ebniweb.ch\/index.php?rest_route=%2Fwp%2Fv2%2Fcomments&post=81"}],"version-history":[{"count":12,"href":"https:\/\/ebniweb.ch\/index.php?rest_route=\/wp\/v2\/pages\/81\/revisions"}],"predecessor-version":[{"id":94,"href":"https:\/\/ebniweb.ch\/index.php?rest_route=\/wp\/v2\/pages\/81\/revisions\/94"}],"wp:attachment":[{"href":"https:\/\/ebniweb.ch\/index.php?rest_route=%2Fwp%2Fv2%2Fmedia&parent=81"}],"curies":[{"name":"wp","href":"https:\/\/api.w.org\/{rel}","templated":true}]}}